3 = -2*c. List the prime factors of w.
3, 7, 11
Let i(j) = -7*j - 22. Let b be i(-10). Suppose -b = -9*s + 6. Suppose 609 = s*x + 75. List the prime factors of x.
89
Let k(h) = 9*h**2 + 386*h - 774. What are the prime factors of k(-89)?
36161
Let s = -1 - -9. Suppose 0 = 5*k - 4*f - 3332, 2 = 5*f - s. List the prime factors of k.
2, 167
Let r(i) = 14*i - 116. Let n be r(8). What are the prime factors of ((-28280)/175)/(n/30)?
2, 3, 101
Suppose 3*v - 35 = -2. Suppose 0 = -6*a + v*a - 5505. What are the prime factors of a?
3, 367
Suppose 19 - 28 = 9*o. List the prime factors of (-7 - (o - 5)) + (974 - -3).
2, 61
Let a = -1171 + 39755. List the prime factors of a.
2, 7, 13, 53
Suppose 3*z = -10*z + 26. Suppose t = -5*h + 1231, 18*t = z*h + 14*t - 510. What are the prime factors of h?
13, 19
Let v be (31/(-93))/(41/42 + -1). Let k be (-21)/v*-267*2. Suppose -629 = -10*r + k. List the prime factors of r.
11, 13
Let t(d) = -39*d**3 + 31*d + 136. List the prime factors of t(-4).
2, 3, 11, 19
Let b = 3601 + -2086. Suppose -915 = -10*f + b. Let h = f + -154. List the prime factors of h.
89
Let s(u) = -u + 10. Let h be s(6). Suppose -5*w + 2*q - 1649 = 0, -5*q + 4*q - 1314 = h*w. Let f = -232 - w. What are the prime factors of f?
97
Let a(g) = -4*g - 163. Let z(s) = s + 54. Let p(c) = 3*a(c) + 8*z(c). Let l be p(-14). What are the prime factors of -3*(-19)/(0/l - -1)?
3, 19
Let f = 11890 + -7000. List the prime factors of f.
2, 3, 5, 163
Suppose 5*o - 3*f = 21835, 13101 = 3*o - 7*f + 12*f. List the prime factors of o.
11, 397
Let d = 17132 + -2128. What are the prime factors of d?
2, 11, 31
Let p be 0/((-6)/(-18)*3). Suppose -2*a + 2 = p, y = -2*a - a + 406. What are the prime factors of y?
13, 31
Suppose -15*q + 110*q = 486257 + 306898. What are the prime factors of q?
3, 11, 23
Suppose 29*d = 40*d - 1067. Let h = 278 - d. What are the prime factors of h?
181
Let z = -9953 + 23449. What are the prime factors of z?
2, 7, 241
Let r(t) = t**3 - 7*t**2 + 12*t + 2. Let m be r(4). Let q(k) = 200*k - 12. What are the prime factors of q(m)?
2, 97
Suppose -4*w + 90 = 54. Suppose -477 - 4518 = -w*p. List the prime factors of p.
3, 5, 37
Let k(u) = -22002*u - 6. Let g be k(-1). Suppose a - g = -17*a. What are the prime factors of a?
2, 13, 47
Suppose -n - u = -98, -n + 3*u = 4*n - 490. Let r = n + -62. What are the prime factors of (-9)/(r/(-224)) - 1?
5, 11
Let h = -103 - -95. Let y = 12 + h. List the prime factors of 904/10 + 24/(-60) - y.
2, 43
Let q(a) = -6*a + 231 - 359 - 24*a + 5*a. What are the prime factors of q(-20)?
2, 3, 31
Let p(c) = 119*c**2 + 3*c + 35. Let g(q) = 24*q**2 + q + 7. Let y(r) = 11*g(r) - 2*p(r). List the prime factors of y(-4).
13, 31
Let w be (3 + 7/(-35))*15. What are the prime factors of 12738/8 - w/168?
2, 199
Suppose 9 = -29*a + 32*a. Suppose -a*f - 700 = 659. Let w = -249 - f. What are the prime factors of w?
2, 3, 17
Let m(h) = 32*h + 18. Let y(s) = s + 1. Let i(x) = 3*m(x) - 30*y(x). Let l be i(4). What are the prime factors of ((-21)/(-12))/(-3 - (-868)/l)?
2, 3, 7
Suppose 16*n - 12*n - a = -3, -4*a = -5*n - 12. Suppose n = -6*w + 14*w - 2632. List the prime factors of w.
7, 47
Let c be -4*2*(15/4 + -4). Suppose -9*i + 34 = -c. Suppose -6*m - i*m = -1350. What are the prime factors of m?
3, 5
What are the prime factors of 8353 + (10/4 - 143/(-22))?
2, 37, 113
Suppose -21856 = -4*c - 5*h, -3*c + h + 20469 - 4039 = 0. What are the prime factors of c?
2, 7, 17, 23
Suppose -3*z + 29270 - 12023 = 4*k, 4*z - 4*k = 22968. What are the prime factors of z?
3, 5, 383
Suppose 0 = -2*w - o + 28, 5*w - 49 - 22 = -2*o. Let q be (8 - 4)*w/6. What are the prime factors of (-2110)/(-50) - 2/q?
2, 3, 7
Suppose -d = -h - 2*d + 8, 4*h - 5*d + 4 = 0. Suppose -3 = h*y - 5*y. Suppose -y*x + x - v + 149 = 0, 3*v = 3. What are the prime factors of x?
2, 37
Let a(y) = 2*y**2 + 57*y + 49. Let m be a(-33). Let d = m + -115. What are the prime factors of d?
3, 7, 11
Suppose 0 = -5*u - 2*f + 62, f - 58 + 48 = -u. Suppose -4*l - 7080 = -u*l. What are the prime factors of l?
2, 3, 59
Suppose 7*w = 8*w + g - 1, 3*w - g = -5. List the prime factors of (w - (4 + -195))*1.
2, 5, 19
What are the prime factors of 198/(-9) - (-670780)/22?
2, 3, 2539
Suppose 8*x + 26 = 50. Suppose d + x*d = 1972. What are the prime factors of d?
17, 29
Let g(y) = 16*y**2 + 8*y - 45. Let v be g(11). Suppose -3*w = 4*h - v, 4*w - 6*w + 2 = 0. What are the prime factors of h?
2, 13, 19
Let x = 201 - -779. List the prime factors of x.
2, 5, 7
Let m be 2/4 + (-119)/(-14). Let q be 2/(21/m + -3). What are the prime factors of (-5)/(q*(-1)/(-30))?
2, 5
Let y = -76 + 78. Suppose 0 = 4*b + 12, 3*z - y*b - 1227 = 3*b. List the prime factors of z.
2, 101
Let h(v) = 2*v**2 + 17*v + 487. List the prime factors of h(26).
2281
Suppose -1 = 3*v + 5*j, 4*j - 2*j = 4*v - 16. Suppose -4*h = -v*h - 32. List the prime factors of -4*(-4)/h*62.
31
Suppose 0 = 168*q - 2086299 - 3474837. What are the prime factors of q?
2, 3, 613
Suppose b + 12964 = 4*i, -5*b + 287 + 2933 = i. Suppose 2*x = 12*x - i. List the prime factors of x.
2, 3
Let w(s) = 323*s + 133. Let x be w(7). Suppose 43*u = 50*u - x. List the prime factors of u.
2, 3, 19
Suppose 3688*v - 3690*v = -80. Let r = 1126 + v. What are the prime factors of r?
2, 11, 53
List the prime factors of (-6)/(-15) - 9/(-90)*30446.
3, 5, 7, 29
Let y = -90 - -92. Suppose -379 = -y*d + 353. What are the prime factors of d?
2, 3, 61
Let b be (-84)/(-6)*(2/2 + 107). Suppose 4*o - 880 - 1136 = -z, -5*z = -3*o + b. Suppose 416 = 5*n - o. List the prime factors of n.
2, 23
Let v(c) = -c. Let w be (-5 + 32/(-6))*-3. Suppose -j - 2*j + w = -2*m, -j = -3*m - 29. What are the prime factors of v(m)?
2
Suppose 0 = -55*o + 15*o - 40. List the prime factors of ((-1)/o)/(-1)*-859.
859
Suppose -69*w + 379183 = -125966. List the prime factors of w.
7321
Let x be (1 + 4)*(0 + 1). Let c(h) = 22*h - 25. What are the prime factors of c(x)?
5, 17
Let t be -2*((-6)/(-14))/(10/(-35)). Suppose t*a = 11 - 11. Suppose 5*l + 485 = 5*f, -2*l + 0*l - 8 = a. List the prime factors of f.
3, 31
Let w be (-3)/5*(-3780)/324. Let y(v) = 116*v + 219. What are the prime factors of y(w)?
1031
Let t(m) = m**3 - 11*m**2 - 56*m - 30. What are the prime factors of t(18)?
2, 3, 5, 41
Let b(w) be the third derivative of 23*w**4/12 + 37*w**3/6 + 59*w**2. What are the prime factors of b(7)?
359
Let g = 955 + -2356. Let t = -828 - g. What are the prime factors of t?
3, 191
Let n(o) = -o**3 + 2*o**2 - 2*o + 68. Let t(m) = 4*m - 72. Let b be t(18). List the prime factors of n(b).
2, 17
Suppose v = -2*r - 3*v + 408, -3*v + 208 = r. Let h = -182 + r. List the prime factors of h.
2, 7
Suppose -2*y = -l + 79, 3*y + 2*l = -50 - 79. Let s be 3*((-6)/(-9) - (y - 0)). Suppose -3*c - 5*m = -7*c + s, 4*m - 80 = -4*c. What are the prime factors of c?
5
Let u = -16543 + 31789. What are the prime factors of u?
2, 3, 7, 11
Let m(f) = -7569*f + 126. What are the prime factors of m(-2)?
2, 3, 53
Let n(q) = 352*q + 40. Let k(c) = 177*c + 20. Let v(i) = 7*k(i) - 4*n(i). What are the prime factors of v(-2)?
2, 3, 53
Suppose -4*y + 38920 = -5*r, -20 = 13*r - 18*r. List the prime factors of y.
3, 5, 11, 59
Let h(n) = 666*n - 1472. List the prime factors of h(43).
2, 17, 47
Let y = 99 - 97. What are the prime factors of (y + -1)*(-18 - -857)?
839
Let b = -140 + 138. List the prime factors of b*9/(-6) + 513 - 0.
2, 3, 43
Let n = 61 - 46. Let l = n + -6. Suppose l*p = 8*p + 147. What are the prime factors of p?
3, 7
Let z be 0 + (-7 - 4585)/(-7). Suppose -7*u + z = 9*u. List the prime factors of u.
41
Let o be 2227/17 - 5/1. Let b = o - 123. What are the prime factors of (-7)/(-14) + ((-2619)/(-6))/b?
2, 73
Let d(n) = -4*n + 65. Let g be d(14). Suppose -g*k + 4403 + 2068 = 0. What are the prime factors of k?
719
What are the prime factors of (9250 - 1) + 13 + -3?
47, 197
Suppose 5*g - f - 221015 = 0, -23*f + 18*f + 176783 = 4*g. What are the prime factors of g?
2, 3, 53, 139
Let k be (-5)/(-4) + (-460)/(-16). What are the prime factors of (190/k - 0)*(-2 + 239)?
19, 79
Let z = -11485 - -11494. Let f(y) = -y + 1. Let k(v) = -3*v**2 - 5*v + 36. Let d(n) = 4*f(n) - k(n). List the prime factors of d(z).
2, 5, 11
Let y be 135362/477 - (